Calculate the greatest common divisor of 112 and n.
14
Let h be ((-4)/5)/(10/(-125)). Calculate the greatest common divisor of h and 30.
10
Let d be 2/17 + -28892*4/(-272). What is the greatest common factor of 17 and d?
17
Let k = 1191 - 754. What is the highest common divisor of k and 23?
23
Let b be ((-18)/(-4) - -3)*28/6. Let x = b + 61. Let k = -14 - -26. Calculate the greatest common factor of x and k.
12
Let h = -175 - -233. Calculate the highest common divisor of 232 and h.
58
Let j(x) = 2*x**2 + x - 3. Let y be j(-6). Suppose -4*u + 3*n = -0*u - 24, -4*u - 3*n + 48 = 0. Calculate the greatest common divisor of u and y.
9
Let b be (-112)/(-42) + (-2)/(-6). Suppose b*r = 5*r - 94. Let q = r + -24. Calculate the greatest common factor of 161 and q.
23
Let d be 2/(-4) + 30/4. Let l(v) = 3*v - 17. Let s be l(d). Let m(b) = b**3 - 3*b**2 - 4*b + 3. Let h be m(s). Calculate the greatest common factor of h and 33.
3
Suppose -3*f = -7 + 1. Let m(i) = 2*i - 2. Let u be m(f). Calculate the highest common factor of u and 6.
2
Let p be (-4)/(-46) + 81948/276. Calculate the greatest common factor of p and 66.
33
Suppose -4*h + 268 = 7*t - 6*t, -3*t - h = -859. What is the highest common divisor of 9 and t?
9
Let k(v) = -v**2 + 6*v + 3. Let a be k(5). Let j be 328/3 - a/(-12). Let u be ((-27)/(-6) - 4)/((-5)/(-100)). What is the highest common divisor of u and j?
10
Let q(g) = 7*g**2 + 54*g + 27. Let x be q(-12). What is the highest common divisor of x and 9?
9
Suppose -646 = -44*v + 1202. Calculate the highest common factor of 1596 and v.
42
Let q(y) = 3*y**2 + y - 4. Let s(a) = a**2 + a. Let f(h) = q(h) - 2*s(h). Let x be f(3). What is the highest common factor of x and 4?
2
Let m = -5 - -15. Suppose 0 = -m*p + 6*p. Suppose p = 3*d - 101 - 109. Calculate the greatest common factor of d and 10.
10
Suppose 3 = 5*j + 8, 3*j + 7231 = 4*o. What is the highest common factor of o and 13?
13
Let y be (-67 - (-3)/(1 - -2))/(-2). Let h be (1 + -2)*(1 - 23). Calculate the highest common divisor of h and y.
11
Let f(y) = 6*y - 32. Let c be f(27). Let x be (58/(-4))/((-2)/(-4)). Let k = -3 - x. Calculate the highest common factor of c and k.
26
Suppose 36 = j + j - 5*x, 0 = -3*j - 3*x + 33. Let c(r) = -5 - 13*r**3 + 5 - 4 - 2*r. Let v be c(-2). Calculate the greatest common divisor of v and j.
13
Let i be (351/(-6))/1*-6. Let p = -1278 - -1291. Calculate the highest common factor of i and p.
13
Let j = -2 + 6. Let g(t) = 14*t - 1. Let b be g(-1). Let s = b + 27. What is the highest common divisor of j and s?
4
Let x(b) = b**3 + 31*b**2 - 29*b + 104. Let r be x(-32). What is the highest common divisor of 200 and r?
8
Let b = 135 + 33. Calculate the greatest common factor of 24 and b.
24
Let n be 2*8*(11 - (-105)/(-12)). Calculate the greatest common factor of n and 192.
12
Suppose s = -4*p + 66, 0 = 4*s - 17*p + 15*p - 210. What is the greatest common divisor of 63 and s?
9
Suppose -f = -4*f + 270. Let p = f + -20. Suppose 3*d + 16*d = 190. What is the greatest common divisor of p and d?
10
Suppose 0 = -b - 4*t + 76, 3*t + 273 = 6*b - 3*b. Calculate the greatest common factor of b and 330.
22
Suppose -57 = -3*o + 4*q, 2*q + 3*q = -4*o + 45. Suppose 85 = -3*t + 4*u, u + 64 = -3*t - 1. Let m = -17 - t. Calculate the greatest common divisor of o and m.
3
Let c = -12 - -22. Suppose -5 = -o + 2*t, 4*o - 3*t + 0 - c = 0. What is the highest common factor of 32 and o?
1
Let u(g) = 226*g**3 + g**2 - 3*g + 2. Let o be u(1). Let r = o + -154. What is the greatest common divisor of 24 and r?
24
Suppose -48 = 2*u + 4*c, u + 4*c - 3*c = -20. Let s = u - -18. Suppose 0 - 2 = q, -s*q - 246 = -2*g. What is the highest common factor of g and 11?
11
Suppose -11*z = -4*g - 10*z + 818, g - 212 = 4*z. What is the highest common divisor of 153 and g?
51
Let f(q) = -2*q**3 + 3*q**2 - 7*q + 17. Let b be f(4). Let d = b + 93. What is the highest common factor of d and 13?
1
Suppose 0 = 21*b - 18 - 444. Calculate the greatest common factor of 55 and b.
11
Suppose 0 = 3*b + 2*b - 50. Suppose 5*t - 1950 = 15*t. Let z = -125 - t. What is the highest common divisor of b and z?
10
Let m = -15 + 39. Let i(s) = 2*s + 1. Let p be i(4). Let l be (-2 - (-24)/p)*90. Calculate the greatest common factor of m and l.
12
Let u = 148 + -106. Let v(h) = 51*h**2 - h - 1. Let w be v(-1). Suppose 188 = 3*l + r, w = l - 4*r - 16. What is the greatest common factor of l and u?
21
Suppose -22*l = -12412 - 36010. What is the greatest common factor of l and 142?
71
Suppose -j + 10 = q, -2*j - 31 = -2*q - 51. Let u(a) = -3*a + 7. Let p be u(-6). What is the greatest common divisor of j and p?
5
Let n = -2701 - -2782. Let b be (2 + 4)*3/2. What is the highest common divisor of b and n?
9
Suppose c + y = 34, 5*c - 140 = -y + 2*y. Suppose 6*v - 8*v + 464 = 0. Calculate the highest common divisor of v and c.
29
Let w(u) = 4*u - 8. Let i be w(10). Calculate the highest common factor of i and 12.
4
Let z(p) = 4*p**3 + 3*p**2 + 2*p - 1. Let y be z(3). What is the highest common divisor of y and 40?
20
Let h be 2580/(-24) + 6/4. Let n = 172 + h. Suppose 4*x + n = 5*x. What is the highest common factor of x and 6?
6
Let t = -44 + 58. Suppose -3*c = -c - t. Calculate the greatest common divisor of 49 and c.
7
Suppose -10*p = -5*p - 5. Calculate the highest common factor of 11 and p.
1
Let u = -376 - -536. What is the highest common factor of 280 and u?
40
Let q(z) = -4*z**3 - 3*z**2 - 11*z - 29. Let a be q(-3). What is the highest common factor of 15 and a?
5
Suppose -m + 4*b = -32, -5*m + 4*m + 3*b = -32. Let k be (-42)/(-11) - 20/(-110). What is the highest common divisor of m and k?
4
Let a = 10 + -36. Let c = -10 - a. Calculate the greatest common factor of 176 and c.
16
Let b be 88/9 - 20/(-90). Calculate the greatest common factor of b and 410.
10
Let t(r) = 17*r - 1. Let g be t(2). Let u be 1/(3 - 52/18). Suppose -q + u = -2. Calculate the greatest common divisor of q and g.
11
Suppose 8*h + 17*h - 375 = 0. Calculate the highest common factor of h and 195.
15
Suppose -40*q + 2025 = -695. What is the highest common divisor of q and 51?
17
Let b = -2031 + 2037. Let h = -14 + 32. Calculate the greatest common factor of h and b.
6
Suppose 0 = -l, l - 10 = -a - a. Suppose n + 5*n - 6 = 0. What is the highest common divisor of a and n?
1
Let m be 6 + (-40)/7 + (-388)/(-14). Suppose -16*l - m = -18*l. Calculate the highest common divisor of 28 and l.
14
Let i = -66 + 36. Let j(g) = 10*g + 31. Let a be j(6). Let z = a - i. Calculate the highest common factor of 11 and z.
11
Suppose l = 3, -t + 11*l = 8*l - 7. What is the highest common divisor of t and 112?
16
Suppose -k + h = -0*h - 6, 5*h = -k - 12. Let g = k + 9. Calculate the greatest common factor of g and 24.
12
Suppose 11*j + 925 = 3004. What is the highest common divisor of j and 36?
9
Let t(u) = 3*u + 0*u + 2*u + 2*u + 17 + u**2. Let l be t(-4). Calculate the highest common divisor of l and 5.
5
Let q = -233 + 288. Calculate the highest common divisor of q and 363.
11
Suppose 0 = -3*h + 92 - 20. Let t be 2 + (-299)/(-9) + (-4)/18. Let x be t/3 - 4*2/(-24). Calculate the highest common divisor of h and x.
12
Suppose 2*q = -q + 2268. Suppose s + q = 8*s. What is the highest common factor of 12 and s?
12
Let r(x) = -x**2 + 3*x - 3. Let d be r(-4). Let a = 279 + -276. Let j = a - d. Calculate the greatest common divisor of j and 238.
34
Let o(g) = -4*g - 29. Let j be o(-8). Suppose 3*a = j*n + 510, 5*a - 880 = 3*n - 4*n. What is the highest common factor of 25 and a?
25
Let s be 4146/36 + -3 + 17/6. What is the greatest common factor of 5 and s?
5
Let n = -25 - 7. Let b = 76 - n. Let r(k) = -k**2 - 6*k + 7. Let z be r(-5). Calculate the greatest common factor of b and z.
12
Suppose 3*m + 96 - 480 = 0. Suppose 0 = q + 3*q + m. Let p = q + 50. Calculate the greatest common divisor of 27 and p.
9
Let b = 373 + -717. Let t be b/(-48) + 2/(-12). Calculate the greatest common divisor of t and 77.
7
Let w(q) = 3 - 3*q - 2*q + 3*q - 2. Let j be w(-5). Let z be 88/(-6)*(-3)/(2 - 1). Calculate the highest common factor of z and j.
11
Suppose 0 = -u + 6 + 3. Let d(r) = 4*r + 9 + 4 + r. Let t be d(u). What is the greatest common divisor of t and 29?
29
Let o = -172 - -316. C